te?
False
Is 59539 prime?
True
Is 39777 a prime number?
False
Is 33571 prime?
False
Is 50357 composite?
True
Is 360467 a composite number?
True
Is 126851 prime?
True
Is 54347 composite?
False
Is 6631 prime?
False
Is 118853 a prime number?
False
Is 13261 composite?
True
Is 3754841 a prime number?
False
Is 3299 composite?
False
Is 20807 prime?
True
Is 14699 prime?
True
Is 26333 a prime number?
False
Is 75171 prime?
False
Is 132683 a composite number?
True
Is 41101 a composite number?
True
Is 84773 a composite number?
True
Is 1397 prime?
False
Is 137937 prime?
False
Is 598985 a prime number?
False
Is 9299 composite?
True
Is 374749 a composite number?
True
Is 1375091 a prime number?
True
Is 778 a prime number?
False
Is 920209 prime?
True
Is 392257 prime?
False
Is 1561 a composite number?
True
Is 18269 prime?
True
Is 841954 prime?
False
Is 59 a prime number?
True
Is 43553 a prime number?
False
Is 15659 prime?
False
Is 102899 composite?
True
Is 272227 a composite number?
False
Is 7814 composite?
True
Is 1165903 composite?
False
Is 663631 composite?
False
Is 127189 prime?
True
Is 32297 a composite number?
False
Is 6547 prime?
True
Is 523597 a prime number?
True
Is 65361 a composite number?
True
Is 17414 composite?
True
Is 77797 prime?
True
Is 87103 a prime number?
True
Is 19031 a composite number?
False
Is 9111385 a composite number?
True
Is 9389 prime?
False
Is 6007 a composite number?
False
Is 68041 a composite number?
False
Is 17551 a prime number?
True
Is 110509 prime?
False
Is 90299 a prime number?
False
Is 38261 composite?
False
Is 993 prime?
False
Is 137029 prime?
True
Is 521 a prime number?
True
Is 187401 a composite number?
True
Is 91157 composite?
True
Is 13289 prime?
False
Is 90341 a composite number?
True
Is 73193 prime?
False
Is 541 composite?
False
Is 29071 a prime number?
False
Is 188521 a composite number?
True
Is 203 composite?
True
Is 896183 a composite number?
True
Is 10050085 a composite number?
True
Is 40099 prime?
True
Is 4201 a prime number?
True
Is 735529 composite?
False
Is 282197 prime?
False
Is 2843 a prime number?
True
Is 32099 a composite number?
False
Is 2411 a prime number?
True
Is 143093 composite?
False
Is 715339 a composite number?
False
Is 91921 composite?
False
Is 18371 prime?
True
Is 113809 a prime number?
True
Is 1037567 a composite number?
False
Is 138439 composite?
True
Is 80051 prime?
True
Is 10753 a prime number?
True
Is 294527 prime?
False
Is 115043 prime?
False
Is 343034 a composite number?
True
Is 222427 prime?
False
Is 2411 prime?
True
Is 28369 a composite number?
True
Is 287219 a prime number?
True
Is 190565 a prime number?
False
Is 3192017 prime?
True
Is 1074835 composite?
True
Is 8717 a composite number?
True
Is 850529 a prime number?
True
Is 33727 prime?
False
Is 1187989 a composite number?
True
Is 22767 prime?
False
Is 24595 composite?
True
Is 52123 composite?
True
Is 1360163 composite?
True
Is 280951 composite?
True
Is 7993 prime?
True
Is 67231 a composite number?
False
Is 2194613 prime?
True
Is 2298319 prime?
False
Is 14563 prime?
True
Is 201323 composite?
True
Is 20578 prime?
False
Is 28394 a prime number?
False
Is 844351 composite?
False
Is 1776067 prime?
True
Is 198013 prime?
True
Is 93311 a prime number?
False
Is 20851 a prime number?
False
Is 9677 a composite number?
False
Is 22823 composite?
True
Is 13291 a prime number?
True
Is 81805 a composite number?
True
Is 24286 a prime number?
False
Is 295741 a composite number?
True
Is 33095 composite?
True
Is 2565986 composite?
True
Is 1441 a prime number?
False
Is 5639 a prime number?
True
Is 48073 a composite number?
False
Is 48073 a prime number?
True
Is 4729 composite?
False
Is 1325185 composite?
True
Is 167411 a prime number?
False
Is 303187 composite?
False
Is 49523 prime?
True
Is 635 a composite number?
True
Is 5189 a composite number?
False
Is 61163 prime?
False
Is 651171 a prime number?
False
Is 321989 prime?
False
Is 829457 prime?
True
Is 76863 a composite number?
True
Is 39499 prime?
True
Is 2309 a composite number?
False
Is 38693 a prime number?
True
Is 158549 a composite number?
True
Is 79753 a composite number?
True
Is 50459 composite?
False
Is 833711 prime?
True
Is 1181893 a prime number?
True
Is 1847 composite?
False
Is 391 composite?
True
Is 3163 prime?
True
Is 1451741 a prime number?
True
Is 79637 a prime number?
False
Is 2579 a prime number?
True
Is 1228519 prime?
True
Is 7936859 a prime number?
False
Is 3691 prime?
True
Is 12037 prime?
True
Is 18119 prime?
True
Is 1232713 composite?
False
Is 1860941 a prime number?
True
Is 101159 a prime number?
True
Is 909281 composite?
False
Is 90223 a composite number?
True
Is 5491571 a prime number?
False
Is 1053551 prime?
True
Is 191 composite?
False
Is 38834 a prime number?
False
Is 14899 prime?
False
Is 979873 prime?
True
Is 104051 prime?
False
Is 40121 a composite number?
True
Is 142733 a composite number?
False
Is 18637 prime?
True
Is 59918 a prime number?
False
Is 56219 a prime number?
False
Is 265541 composite?
False
Is 41047 a prime number?
True
Is 163203 a composite number?
True
Is 11131 a composite number?
False
Is 7247 a composite number?
False
Is 8654 prime?
False
Is 6731 prime?
False
Is 347561 a composite number?
False
Is 8263 composite?
False
Is 210679 a composite number?
True
Is 30341 composite?
False
Is 4721 a prime number?
True
Is 1967 prime?
False
Is 46219 prime?
True
Is 56263 prime?
True
Is 182701 a prime number?
True
Is 9985 a prime number?
False
Is 1643 composite?
True
Is 70259 a composite number?
True
Is 4691 a composite number?
False
Is 31987 a prime number?
False
Is 4889 a composite number?
False
Is 157009 a prime number?
False
Is 18617 a prime number?
True
Is 259249 prime?
False
Is 12515 prime?
False
Is 627721 prime?
True
Is 26077 composite?
True
Is 1289026 a composite number?
True
Is 595481 prime?
True
Is 44999 prime?
False
Is 4111 a composite number?
False
Is 19613 a composite number?
True
Is 282407 prime?
True
Is 369883 prime?
False
Is 11789 a composite number?
False
Is 117677 a prime number?
False
Is 7001 prime?
True
Is 2921 prime?
False
Is 319 prime?
False
Is 5999 a prime number?
False
Is 293957 a prime number?
True
Is 1037161 a composite number?
True
Is 3603 a prime number?
False
Is 24143 a prime number?
False
Is 64873 a composite number?
True
Is 25937 a prime number?
False
Is 4373 composite?
False
Is 4783 prime?
True
Is 2333 prime?
True
Is 511085 a composite number?
True
Is 12531 composite?
True
Is 123677 a composite number?
False
Is 439951 prime?
False
Is 9937 prime?
False
Is 2402 composite?
True
Is 11197 composite?
False
Is 45851 prime?
False
Is 43315 a prime number?
False
Is 23497 prime?
True
Is 1001571 a composite number?
True
Is 10007 prime?
True
Is 15727 prime?
True
Is 60563 a prime number?
False
Is 755459 prime?
False
Is 1965029 a composite number?
True
Is 4885 a prime number?
False
Is 94807 composite?
True
Is 49535 composite?
True
Is 536437 a composite number?
True
Is 99431 a composite number?
False
Is 12181 prime?
False
Is 2053 prime?
True
Is 2833 composite?
False
Is 122663 composite?
False
Is 41573 prime?
False
Is 3205 a composite number?
True
Is 130171 composite?
False
Is 558167 a composite number?
False
Is 5779 composite?
False
Is 166261 prime?
False
Is 1193399 prime?
True
Is 4253 composite?
False
Is 3045715 composite?
True
Is 1657 a prime number?
True
Is 219451 a composite number?
False
Is 1191983 prime?
False
Is 65779 prime?
False
Is 719 composite?
False
Is 18923 a prime number?
False
Is 2087783 composite?
True
Is 16715 a prime number?
False
Is 173599 prime?
True
Is 306463 composite?
False
Is 230531 a prime number?
False
Is 351383 composite?
False
Is 9097 a prime number?
False
Is 44449 prime?
True
Is 8182 prime?
False
Is 48259 a prime number?
True
Is 2844667 a composite number?
True
Is 642419 composite?
False
Is 154571 prime?
True
Is 13901 a composite number?
False
Is 40907 composite?
True
Is 27049 prime?
False
Is 7069 composite?
False
Is 8039 composite?
False
Is 546661 prime?
True
Is 4255117 a prime number?
False
Is 1751 a composite number?
True
Is 22247 a composite number?
False
Is 10999 a prime number?
False
Is 1028471 a prime number?
True
Is 127885 a prime number?
False
Is 9733 a prime number?
True
Is 929113 prime?
True
Is 60859 prime?
Tru